6 a factor of 6302?
True
Is 572 a multiple of 11?
True
Is 13604 a multiple of 38?
True
Is 27 a factor of 702?
True
Is 21 a factor of 4368?
True
Does 30 divide 1622?
False
Does 30 divide 5906?
False
Is 33948 a multiple of 26?
False
Is 14 a factor of 2536?
False
Is 19 a factor of 18601?
True
Is 16 a factor of 970?
False
Is 79 a factor of 553?
True
Is 139 a multiple of 20?
False
Is 288 a multiple of 2?
True
Is 29 a factor of 18850?
True
Is 5403 a multiple of 3?
True
Is 50 a factor of 98955?
False
Is 866 a multiple of 3?
False
Is 52 a factor of 156?
True
Is 4428 a multiple of 2?
True
Is 88 a factor of 176?
True
Does 11 divide 2153?
False
Is 645 a multiple of 5?
True
Is 7 a factor of 764?
False
Is 12 a factor of 2688?
True
Is 450 a multiple of 15?
True
Is 23 a factor of 7044?
False
Is 59 a factor of 1003?
True
Does 4 divide 241?
False
Is 13188 a multiple of 7?
True
Is 246 a multiple of 23?
False
Does 4 divide 530?
False
Does 60 divide 76?
False
Is 52 a factor of 11024?
True
Is 3 a factor of 215?
False
Does 8 divide 448?
True
Does 11 divide 143?
True
Does 61 divide 1175?
False
Does 66 divide 7456?
False
Is 11 a factor of 10394?
False
Does 16 divide 101328?
True
Does 9 divide 1696?
False
Is 1835 a multiple of 20?
False
Is 8 a factor of 30716?
False
Is 917 a multiple of 2?
False
Is 3 a factor of 642?
True
Does 8 divide 807?
False
Is 60885 a multiple of 11?
True
Is 11 a factor of 366?
False
Is 14 a factor of 361?
False
Is 450 a multiple of 25?
True
Does 24 divide 102960?
True
Does 11 divide 737?
True
Is 13 a factor of 24089?
True
Is 4 a factor of 159?
False
Does 9 divide 42831?
True
Is 240 even?
True
Does 4 divide 112?
True
Is 28 a factor of 271?
False
Is 21 a factor of 672?
True
Does 5 divide 1948?
False
Is 7 a factor of 9491?
False
Is 2 a factor of 134?
True
Does 15 divide 33654?
False
Is 3 a factor of 59?
False
Does 15 divide 570?
True
Is 100555 a multiple of 65?
True
Is 24 a factor of 2591?
False
Does 25 divide 9925?
True
Is 10 a factor of 461?
False
Does 6 divide 582?
True
Is 2520 a multiple of 18?
True
Is 41586 a multiple of 87?
True
Is 1133 a multiple of 11?
True
Does 11 divide 1141?
False
Is 28 a factor of 252?
True
Is 21 a factor of 483?
True
Is 14051 a multiple of 38?
False
Is 109 a factor of 327?
True
Is 22 a factor of 2552?
True
Is 25 a factor of 125?
True
Is 1190 a multiple of 7?
True
Is 73401 a multiple of 248?
False
Is 2106 a multiple of 81?
True
Is 49 a factor of 1605?
False
Is 74 a factor of 5402?
True
Does 3 divide 449?
False
Does 2 divide 2?
True
Is 40 a factor of 640?
True
Is 40 a multiple of 5?
True
Is 296 a multiple of 25?
False
Does 10 divide 1200?
True
Is 10 a factor of 8500?
True
Does 306 divide 18666?
True
Is 799 a multiple of 17?
True
Does 48 divide 30256?
False
Does 62 divide 61070?
True
Is 40 a factor of 21080?
True
Is 88 a factor of 2640?
True
Is 37 a factor of 2109?
True
Does 8 divide 1288?
True
Does 58 divide 23432?
True
Is 55 a factor of 1045?
True
Does 5 divide 22768?
False
Is 29 a factor of 1218?
True
Is 66 a factor of 2970?
True
Does 7 divide 8300?
False
Is 484 a multiple of 12?
False
Is 11 a factor of 242?
True
Does 31 divide 186?
True
Is 8767 a multiple of 9?
False
Does 20 divide 81?
False
Is 11 a factor of 23045?
True
Does 78 divide 9500?
False
Is 6 a factor of 7386?
True
Is 6 a factor of 6804?
True
Is 35 a factor of 665?
True
Is 11400 a multiple of 30?
True
Is 10 a factor of 2418?
False
Is 638 a multiple of 69?
False
Does 3 divide 774?
True
Does 60 divide 1980?
True
Does 45 divide 4364?
False
Is 29 a factor of 1068?
False
Is 41 a factor of 410?
True
Is 594 a multiple of 26?
False
Is 220 a multiple of 13?
False
Does 12 divide 1332?
True
Is 688 a multiple of 33?
False
Is 3292 a multiple of 57?
False
Is 387 a multiple of 9?
True
Is 7 a factor of 586?
False
Is 53 a factor of 15635?
True
Is 1849 a multiple of 58?
False
Is 4044 a multiple of 44?
False
Is 18 a factor of 2700?
True
Is 15 a factor of 97755?
True
Is 27 a factor of 3304?
False
Does 13 divide 2470?
True
Is 16 a factor of 1020?
False
Does 44 divide 1056?
True
Is 49 a multiple of 44?
False
Does 195 divide 37836?
False
Is 39 a factor of 1332?
False
Does 32 divide 832?
True
Is 71 a factor of 5107?
False
Does 6 divide 8443?
False
Is 3 a factor of 251?
False
Does 32 divide 945?
False
Is 16 a factor of 271?
False
Is 814 a multiple of 4?
False
Is 34 a factor of 3820?
False
Is 14499 a multiple of 29?
False
Is 20 a factor of 2000?
True
Is 124320 a multiple of 15?
True
Is 5969 a multiple of 77?
False
Is 1116 a multiple of 36?
True
Does 4 divide 252?
True
Is 6 a factor of 64020?
True
Is 10 a factor of 2205?
False
Does 65 divide 3445?
True
Is 18 a multiple of 5?
False
Does 3 divide 213?
True
Is 23 a factor of 2600?
False
Is 16 a factor of 1200?
True
Does 42 divide 10290?
True
Does 31 divide 7397?
False
Does 2 divide 94?
True
Does 3 divide 4318?
False
Is 9768 a multiple of 24?
True
Does 14 divide 123?
False
Is 53 a factor of 1266?
False
Is 128 a multiple of 54?
False
Does 130 divide 3640?
True
Does 26 divide 152074?
True
Is 44 a factor of 11389?
False
Is 48095 a multiple of 55?
False
Does 129 divide 5264?
False
Is 15 a factor of 12630?
True
Is 11474 a multiple of 24?
False
Is 1591 a multiple of 57?
False
Is 8 a factor of 393?
False
Is 65988 a multiple of 51?
False
Is 5 a factor of 13410?
True
Does 10 divide 1552?
False
Is 20 a factor of 102500?
True
Is 36 a factor of 5184?
True
Is 10 a factor of 1316?
False
Is 4 a factor of 1100?
True
Does 17 divide 346?
False
Is 5 a factor of 85?
True
Is 2 a factor of 41?
False
Does 32 divide 512?
True
Does 7 divide 21?
True
Does 37 divide 1307?
False
Is 6388 a multiple of 7?
False
Does 241 divide 40729?
True
Is 1691 a multiple of 10?
False
Is 352 a factor of 3381?
False
Is 1112 a multiple of 12?
False
Is 22 a factor of 352?
True
Does 14 divide 13692?
True
Is 952 a multiple of 19?
False
Is 21 a factor of 5040?
True
Is 90229 a multiple of 11?
False
Is 33312 a multiple of 12?
True
Is 4095 a multiple of 91?
True
Does 50 divide 7014?
False
Does 64 divide 5760?
True
Is 170 a factor of 34000?
True
Is 32020 a multiple of 10?
True
Is 12 a factor of 540?
True
Does 9 divide 171?
True
Is 1890 a multiple of 54?
True
Is 1343 a multiple of 52?
False
Is 1616 a multiple of 55?
False
Is 25 a factor of 22925?
True
Does 130 divide 12656?
False
Does 8 divide 160?
True
Is 24128 a multiple of 42?
False
Is 80 a factor of 7680?
True
Is 325 a multiple of 7?
False
Is 5926 a multiple of 11?
False
Does 37 divide 16835?
True
Is 20147 a multiple of 97?
False
Is 972 a multiple of 18?
True
Is 8 a factor of 600?
True
Is 40 a factor of 3360?
True
Is 13 a factor of 224?
False
Is 10975 a multiple of 13?
False
Is 54 a factor of 106812?
True
Is 1236 a multiple of 31?
False
Is 10230 a multiple of 11?
True
Is 1422 a multiple of 3?
True
Does 17 divide 1259?
False
Does 5 divide 944?
False
Is 408 a multiple of 6?
True
Does 25 divide 448?
False
Is 22511 a multiple of 6?
False
Is 1584 a multiple of 132?
True
Does 39 divide 49569?
True
Does 22 divide 1154?
False
Is 152 a factor of 18696?
True
Is 25 a factor of 21955?
False
Is 20972 a multiple of 7?
True
Does 4 divide 48?
True
Is 16 a factor of 10640?
True
Is 14735 a multiple of 35?
True
Is 14 a factor of 15177?
False
Is 4448 a multiple of 32?
True
Does 5 divide 27959?
False
Is 31213 a multiple of 343?
True
Is 619 a multiple of 119?
False
Does 38 divide 6303?
False
Is 52 a multiple of 26?
True
Is 4 a factor of 8156?
True
Is 11 a factor of 2497?
True
Is 5 a factor of 4251?
False
Is 62 a factor of 602?
False
Does 152 divide 82384?
True
Is 12 a factor of 5844?
True
Does 202 divide 11716?
True
Does 20 divide 8094?
False
Is 1036 a multiple of 14?
True
Does 13 divide 12720?
False
Is 13 a factor of 1626?
False
Is 622 a multiple of 23?
False
Does 51 divide 4233?
True
Is 7464 a multiple of 106?
False
Does 35 divide 1277?
False
Does 20 divide 1320?
True
Is 973 a multiple of 25?
False
Is 7 a factor of 696?
False
Is 150 a multiple of 30?
True
Is 21 a factor of 5012?
False
Does 51 divide 918?
True
Is 6 a factor of 496?
False
Is 12 a factor of 2220?
True
Does 141 divide 7896?
True
Does 33 divide 2883?
False
Does 28 divide 1456?
True
Is 58432 a multiple of 64?
True
Does 3 divide 190?
False
Does 15 divide 4170?
True
Does 8 divide 19280?
True
Is